{"id":29,"date":"2024-11-15T02:42:22","date_gmt":"2024-11-15T02:42:22","guid":{"rendered":"https:\/\/comprarcoca.co\/?page_id=29"},"modified":"2024-11-15T02:42:22","modified_gmt":"2024-11-15T02:42:22","slug":"pagos-en-bitcoin","status":"publish","type":"page","link":"https:\/\/comprarcoca.co\/?page_id=29","title":{"rendered":"Pagos en Bitcoin"},"content":{"rendered":"<p class=\"has-text-align-center\">Enviamos nuestros productos en todo el territorio de Espa\u00f1a. \u00bfQuieres hacer un pedido y no sabes c\u00f3mo? No te preocupes, puedes hacer pedidos siguiendo una serie de pasos sencilla. A trav\u00e9s de una mini gu\u00eda podr\u00e1s entender c\u00f3mo realizar un pedido cuando sea, donde sea (en Espa\u00f1a).<br \/>\nPor motivos de seguridad, s\u00f3lo aceptamos pagos por Bitcoin (BTC), de esta forma garantizamos el anonimato y seguridad de cada una de las personas que nos compra, as\u00ed como nuestra propia protecci\u00f3n.<\/p>\n<h3 class=\"wp-block-heading has-text-align-center\">Pagos en Bitcoin<\/h3>\n<p class=\"has-text-align-center\">\u00bfPor qu\u00e9 deber\u00eda pagar en BTC? Cada vez m\u00e1s comerciantes en l\u00ednea est\u00e1n considerando aceptar criptomonedas como m\u00e9todo de pago en l\u00ednea. Los pagos con criptomonedas se consideran m\u00e1s seguros que los m\u00e9todos de pago tradicionales porque no requieren verificaci\u00f3n de terceros y no se almacenan datos del consumidor en un centro centralizado. Sin embargo, hay que tener un conocimiento b\u00e1sico para realizar estas transacciones. A continuaci\u00f3n, compartimos una lista de las ventajas m\u00e1s significativas por las cuales deber\u00edas considerar esta alternativa:<\/p>\n<h4 class=\"wp-block-heading has-text-align-center\">Ventajas<\/h4>\n<ul>\n<li>Menor riesgo de fraude en comparaci\u00f3n con tarjetas de cr\u00e9dito y d\u00e9bito.<\/li>\n<li>Menores cargos por aceptaci\u00f3n.<\/li>\n<li>Mayor privacidad financiera, ya que las transacciones con BTC pueden realizarse de forma m\u00e1s an\u00f3nima.<\/li>\n<li>Acceso sin restricciones, se reducen dr\u00e1sticamente las limitaciones y demoras asociadas con los m\u00e9todos de pago tradicionales.<\/li>\n<\/ul>\n<h3 class=\"wp-block-heading has-text-align-center\">Compra BTC en cualquier plataforma de criptomonedas<\/h3>\n<p class=\"has-text-align-center\">Hay varias opciones, con la conveniencia que nuestro servicio funciona en un esquema de flujo hacia una wallet \u00fanica. En la web puedes registrarte e intercambiar\u00a0<strong>\u20ac \u2013 BTC.<\/strong>\u00a0Algunos ejemplos de estos sitios -sacando un pu\u00f1ado de los varios disponibles- son: Binance, Coinbase, Blockchain, Kriptomat, Cryptowallet, Kraken etc.\u00a0<em>Antes de comprar y enviar bitcoin, verifica que la p\u00e1gina de tu elecci\u00f3n est\u00e9 operativa y ofreciendo sus servicios para garantizar una transacci\u00f3n segura y exitosa<\/em>.<br \/>\nEl paso-a-paso para enviar en todas las p\u00e1ginas es pr\u00e1cticamente el mismo, cada sitio puede diferir ligeramente, pero podemos resumir el procedimiento en los pasos principales o m\u00e1s b\u00e1sicos:<\/p>\n<ul>\n<li>Toca \u00abEnviar\u00bb en la pesta\u00f1a de inicio.<\/li>\n<li>Seleccione la criptomoneda (En este caso BITCOIN)<\/li>\n<li>Ingrese la wallet\/billetera del destinatario.<\/li>\n<li>Seleccione \u00abContinuar\u00bb\n<ul>\n<li>Ingrese la cantidad de BTC que desee enviar. Ejemplo: 0.000024BTC \u2013 50 \u20ac<\/li>\n<\/ul>\n<\/li>\n<li>Selecciona \u00abVista previa\u00bb y revisa los detalles de la transacci\u00f3n.\n<ul>\n<li>Selecciona \u00abEnviar ahora\u00bb.<\/li>\n<li>Si se solicita, ingresa el c\u00f3digo de seguridad enviado a uno de tus dispositivos de confianza.<\/li>\n<\/ul>\n<\/li>\n<\/ul>\n<div class='smartthreema_box'><img src='https:\/\/comprarcoca.co\/wp-content\/plugins\/smart-threema\/images\/floating-button-threema-klein.png' class='smartthreema_img'><a href='https:\/\/three.ma\/JHXT6HHA' target='_blank' class='smartthreema_link'>Please Download Threema App<\/a><br><div class='smartthreema_minimsg'>to your Mobile Device and click again<\/div><\/div>","protected":false},"excerpt":{"rendered":"<p>Enviamos nuestros productos en todo el territorio de Espa\u00f1a. \u00bfQuieres hacer un pedido y no sabes c\u00f3mo? No te preocupes, puedes hacer pedidos siguiendo una serie de pasos sencilla. A trav\u00e9s de una mini gu\u00eda podr\u00e1s entender c\u00f3mo realizar un pedido cuando sea, donde sea (en Espa\u00f1a). Por motivos de seguridad, s\u00f3lo aceptamos pagos por [&hellip;]<\/p>\n","protected":false},"author":1,"featured_media":0,"parent":0,"menu_order":0,"comment_status":"closed","ping_status":"closed","template":"","meta":{"footnotes":""},"class_list":["post-29","page","type-page","status-publish","hentry"],"yoast_head":"<!-- This site is optimized with the Yoast SEO plugin v27.5 - https:\/\/yoast.com\/product\/yoast-seo-wordpress\/ -->\n<title>Pagos en Bitcoin - comprar cocaina madrid \u2013 50 euros gramo \u2013 VENDO COCAINA EN MADRID \u2013 Env\u00edos a toda Espa\u00f1a \u2013 PANTERAROSA1772@GMAIL.COM \u2013 visita www.telecocamadrid.com en mano y envios \u2013 pillar coca en madrid \u2013 Nuevo whatsapp Telegram (Mejor) \u2013 Nuevo whatsapp y SIGNAL \u2013 Principal Whatsapp+34627158376 SIGNAL \u2013+34617763108 - whatsapp signal telegram \u2013 Threema: CJBZ5SZX \u2013 Nestor<\/title>\n<meta name=\"robots\" content=\"index, follow, max-snippet:-1, max-image-preview:large, max-video-preview:-1\" \/>\n<link rel=\"canonical\" href=\"https:\/\/comprarcoca.co\/?page_id=29\" \/>\n<meta property=\"og:locale\" content=\"es_ES\" \/>\n<meta property=\"og:type\" content=\"article\" \/>\n<meta property=\"og:title\" content=\"Pagos en Bitcoin - comprar cocaina madrid \u2013 50 euros gramo \u2013 VENDO COCAINA EN MADRID \u2013 Env\u00edos a toda Espa\u00f1a \u2013 PANTERAROSA1772@GMAIL.COM \u2013 visita www.telecocamadrid.com en mano y envios \u2013 pillar coca en madrid \u2013 Nuevo whatsapp Telegram (Mejor) \u2013 Nuevo whatsapp y SIGNAL \u2013 Principal Whatsapp+34627158376 SIGNAL \u2013+34617763108 - whatsapp signal telegram \u2013 Threema: CJBZ5SZX \u2013 Nestor\" \/>\n<meta property=\"og:description\" content=\"Enviamos nuestros productos en todo el territorio de Espa\u00f1a. \u00bfQuieres hacer un pedido y no sabes c\u00f3mo? No te preocupes, puedes hacer pedidos siguiendo una serie de pasos sencilla. A trav\u00e9s de una mini gu\u00eda podr\u00e1s entender c\u00f3mo realizar un pedido cuando sea, donde sea (en Espa\u00f1a). Por motivos de seguridad, s\u00f3lo aceptamos pagos por [&hellip;]\" \/>\n<meta property=\"og:url\" content=\"https:\/\/comprarcoca.co\/?page_id=29\" \/>\n<meta property=\"og:site_name\" content=\"comprar cocaina madrid \u2013 50 euros gramo \u2013 VENDO COCAINA EN MADRID \u2013 Env\u00edos a toda Espa\u00f1a \u2013 PANTERAROSA1772@GMAIL.COM \u2013 visita www.telecocamadrid.com en mano y envios \u2013 pillar coca en madrid \u2013 Nuevo whatsapp Telegram (Mejor) \u2013 Nuevo whatsapp y SIGNAL \u2013 Principal Whatsapp+34627158376 SIGNAL \u2013+34617763108 - whatsapp signal telegram \u2013 Threema: CJBZ5SZX \u2013 Nestor\" \/>\n<meta name=\"twitter:card\" content=\"summary_large_image\" \/>\n<meta name=\"twitter:label1\" content=\"Tiempo de lectura\" \/>\n\t<meta name=\"twitter:data1\" content=\"2 minutos\" \/>\n<script type=\"application\/ld+json\" class=\"yoast-schema-graph\">{\"@context\":\"https:\\\/\\\/schema.org\",\"@graph\":[{\"@type\":\"WebPage\",\"@id\":\"https:\\\/\\\/comprarcoca.co\\\/?page_id=29\",\"url\":\"https:\\\/\\\/comprarcoca.co\\\/?page_id=29\",\"name\":\"Pagos en Bitcoin - comprar cocaina madrid \u2013 50 euros gramo \u2013 VENDO COCAINA EN MADRID \u2013 Env\u00edos a toda Espa\u00f1a \u2013 PANTERAROSA1772@GMAIL.COM \u2013 visita www.telecocamadrid.com en mano y envios \u2013 pillar coca en madrid \u2013 Nuevo whatsapp Telegram (Mejor) \u2013 Nuevo whatsapp y SIGNAL \u2013 Principal Whatsapp+34627158376 SIGNAL \u2013+34617763108 - whatsapp signal telegram \u2013 Threema: CJBZ5SZX \u2013 Nestor\",\"isPartOf\":{\"@id\":\"https:\\\/\\\/comprarcoca.co\\\/#website\"},\"datePublished\":\"2024-11-15T02:42:22+00:00\",\"breadcrumb\":{\"@id\":\"https:\\\/\\\/comprarcoca.co\\\/?page_id=29#breadcrumb\"},\"inLanguage\":\"es\",\"potentialAction\":[{\"@type\":\"ReadAction\",\"target\":[\"https:\\\/\\\/comprarcoca.co\\\/?page_id=29\"]}]},{\"@type\":\"BreadcrumbList\",\"@id\":\"https:\\\/\\\/comprarcoca.co\\\/?page_id=29#breadcrumb\",\"itemListElement\":[{\"@type\":\"ListItem\",\"position\":1,\"name\":\"Portada\",\"item\":\"https:\\\/\\\/comprarcoca.co\\\/\"},{\"@type\":\"ListItem\",\"position\":2,\"name\":\"Pagos en Bitcoin\"}]},{\"@type\":\"WebSite\",\"@id\":\"https:\\\/\\\/comprarcoca.co\\\/#website\",\"url\":\"https:\\\/\\\/comprarcoca.co\\\/\",\"name\":\"comprar cocaina madrid \u2013 50 euros gramo \u2013 VENDO COCAINA EN MADRID \u2013 Env\u00edos a toda Espa\u00f1a \u2013 PANTERAROSA1772@GMAIL.COM \u2013 visita www.telecocamadrid.com en mano y envios \u2013 pillar coca en madrid \u2013 Nuevo whatsapp Telegram (Mejor) \u2013 Nuevo whatsapp y SIGNAL \u2013 Principal Whatsapp+34627158376 SIGNAL \u2013 Jay \u2013 +34666268692 Whatsapp SIGNAL \u2013 Nestor\",\"description\":\"vendo coca a domicilio cordoba, vendo cocaina a domicilio cordoba, vendo coca a domicilio gijon, vendo cocaina a domicilio gijon, vendo coca a domicilio santander, vendo cocaina a domicilio santander, vendo coca a domicilio logro\u00f1o, vendo cocaina a domicilio logro\u00f1o,  visita www.telecocamadrid.comvendo coca a domicilio teruel, vendo cocaina a domicilio teruel, vendo coca a domicilio santa cruz de tenerife, vendo cocaina a domicilio santa cruz de tenerife, vendo coca a domicilio alcala de henares, vendo cocaina a domicilio alcala de henares, vendo coca a domicilio vigo, vendo cocaina a domicilio vigo, ven do coca a domicilio guadalajara, vendo cocaina a domicilio guadalajara, vendo coca a domicilio murcia, vendo cocaina a domicilio murcioa, vendo coca a domicilio almeria, vendo cocaina a domicilio almeria, vendo coca a comprar farlopa en barcelona domicilio leon, vendo cocaina a domicilio leon, vendo coca a domicilio zamora, vendo cocaina a domicilio zamora, vendo coca a domicilio castellon de la plana, vendo cocaina a domicilio castellon de la plana, vendo coca a domicilio albacete, compro cocaina a domicilio albacete, vendo coca a domicilio ciudad real, vendo cocaina a domicilio ciudad real, vendo coca a domicilio orense, vendo cocaina a domicilio orense, vendo coca a domicilio cartagena, vendo cocaina a domicilio cartagena, vendo coca a domicilio huelva, vendo cocaina a domicilio huelva, vendo coca a domicilio jerez de la frontera, vendo cocaina a domicilio jerez de la frontera, vendo coca a domicilio soria, vendo cocaina a domicilio soria comprar coca en Madrid, comprar coca en \u00abEspa\u00f1a\u00bb, venta de coca\u00edna, como comprar coca, como comprar coca domicilio, donde comprar coca, donde consigo coca, comprar coca\u00edna, donde puedo conseguir coca\u00edna, necesito comprar coca\u00edna, necesito compra coca,\",\"publisher\":{\"@id\":\"https:\\\/\\\/comprarcoca.co\\\/#organization\"},\"potentialAction\":[{\"@type\":\"SearchAction\",\"target\":{\"@type\":\"EntryPoint\",\"urlTemplate\":\"https:\\\/\\\/comprarcoca.co\\\/?s={search_term_string}\"},\"query-input\":{\"@type\":\"PropertyValueSpecification\",\"valueRequired\":true,\"valueName\":\"search_term_string\"}}],\"inLanguage\":\"es\"},{\"@type\":\"Organization\",\"@id\":\"https:\\\/\\\/comprarcoca.co\\\/#organization\",\"name\":\"comprar cocaina madrid \u2013 50 euros gramo \u2013 VENDO COCAINA EN MADRID \u2013 Env\u00edos a toda Espa\u00f1a \u2013 PANTERAROSA1772@GMAIL.COM \u2013 visita www.telecocamadrid.com en mano y envios \u2013 pillar coca en madrid \u2013 Nuevo whatsapp Telegram (Mejor) \u2013 Nuevo whatsapp y SIGNAL \u2013 Principal Whatsapp+34627158376 SIGNAL \u2013 Jay \u2013 +34666268692 Whatsapp SIGNAL \u2013 Nestor\",\"url\":\"https:\\\/\\\/comprarcoca.co\\\/\",\"logo\":{\"@type\":\"ImageObject\",\"inLanguage\":\"es\",\"@id\":\"https:\\\/\\\/comprarcoca.co\\\/#\\\/schema\\\/logo\\\/image\\\/\",\"url\":\"https:\\\/\\\/comprarcoca.co\\\/wp-content\\\/uploads\\\/2024\\\/11\\\/cropped-ketamine2.jpg\",\"contentUrl\":\"https:\\\/\\\/comprarcoca.co\\\/wp-content\\\/uploads\\\/2024\\\/11\\\/cropped-ketamine2.jpg\",\"width\":512,\"height\":512,\"caption\":\"comprar cocaina madrid \u2013 50 euros gramo \u2013 VENDO COCAINA EN MADRID \u2013 Env\u00edos a toda Espa\u00f1a \u2013 PANTERAROSA1772@GMAIL.COM \u2013 visita www.telecocamadrid.com en mano y envios \u2013 pillar coca en madrid \u2013 Nuevo whatsapp Telegram (Mejor) \u2013 Nuevo whatsapp y SIGNAL \u2013 Principal Whatsapp+34627158376 SIGNAL \u2013 Jay \u2013 +34666268692 Whatsapp SIGNAL \u2013 Nestor\"},\"image\":{\"@id\":\"https:\\\/\\\/comprarcoca.co\\\/#\\\/schema\\\/logo\\\/image\\\/\"}}]}<\/script>\n<!-- \/ Yoast SEO plugin. -->","yoast_head_json":{"title":"Pagos en Bitcoin - comprar cocaina madrid \u2013 50 euros gramo \u2013 VENDO COCAINA EN MADRID \u2013 Env\u00edos a toda Espa\u00f1a \u2013 PANTERAROSA1772@GMAIL.COM \u2013 visita www.telecocamadrid.com en mano y envios \u2013 pillar coca en madrid \u2013 Nuevo whatsapp Telegram (Mejor) \u2013 Nuevo whatsapp y SIGNAL \u2013 Principal Whatsapp+34627158376 SIGNAL \u2013+34617763108 - whatsapp signal telegram \u2013 Threema: CJBZ5SZX \u2013 Nestor","robots":{"index":"index","follow":"follow","max-snippet":"max-snippet:-1","max-image-preview":"max-image-preview:large","max-video-preview":"max-video-preview:-1"},"canonical":"https:\/\/comprarcoca.co\/?page_id=29","og_locale":"es_ES","og_type":"article","og_title":"Pagos en Bitcoin - comprar cocaina madrid \u2013 50 euros gramo \u2013 VENDO COCAINA EN MADRID \u2013 Env\u00edos a toda Espa\u00f1a \u2013 PANTERAROSA1772@GMAIL.COM \u2013 visita www.telecocamadrid.com en mano y envios \u2013 pillar coca en madrid \u2013 Nuevo whatsapp Telegram (Mejor) \u2013 Nuevo whatsapp y SIGNAL \u2013 Principal Whatsapp+34627158376 SIGNAL \u2013+34617763108 - whatsapp signal telegram \u2013 Threema: CJBZ5SZX \u2013 Nestor","og_description":"Enviamos nuestros productos en todo el territorio de Espa\u00f1a. \u00bfQuieres hacer un pedido y no sabes c\u00f3mo? No te preocupes, puedes hacer pedidos siguiendo una serie de pasos sencilla. A trav\u00e9s de una mini gu\u00eda podr\u00e1s entender c\u00f3mo realizar un pedido cuando sea, donde sea (en Espa\u00f1a). Por motivos de seguridad, s\u00f3lo aceptamos pagos por [&hellip;]","og_url":"https:\/\/comprarcoca.co\/?page_id=29","og_site_name":"comprar cocaina madrid \u2013 50 euros gramo \u2013 VENDO COCAINA EN MADRID \u2013 Env\u00edos a toda Espa\u00f1a \u2013 PANTERAROSA1772@GMAIL.COM \u2013 visita www.telecocamadrid.com en mano y envios \u2013 pillar coca en madrid \u2013 Nuevo whatsapp Telegram (Mejor) \u2013 Nuevo whatsapp y SIGNAL \u2013 Principal Whatsapp+34627158376 SIGNAL \u2013+34617763108 - whatsapp signal telegram \u2013 Threema: CJBZ5SZX \u2013 Nestor","twitter_card":"summary_large_image","twitter_misc":{"Tiempo de lectura":"2 minutos"},"schema":{"@context":"https:\/\/schema.org","@graph":[{"@type":"WebPage","@id":"https:\/\/comprarcoca.co\/?page_id=29","url":"https:\/\/comprarcoca.co\/?page_id=29","name":"Pagos en Bitcoin - comprar cocaina madrid \u2013 50 euros gramo \u2013 VENDO COCAINA EN MADRID \u2013 Env\u00edos a toda Espa\u00f1a \u2013 PANTERAROSA1772@GMAIL.COM \u2013 visita www.telecocamadrid.com en mano y envios \u2013 pillar coca en madrid \u2013 Nuevo whatsapp Telegram (Mejor) \u2013 Nuevo whatsapp y SIGNAL \u2013 Principal Whatsapp+34627158376 SIGNAL \u2013+34617763108 - whatsapp signal telegram \u2013 Threema: CJBZ5SZX \u2013 Nestor","isPartOf":{"@id":"https:\/\/comprarcoca.co\/#website"},"datePublished":"2024-11-15T02:42:22+00:00","breadcrumb":{"@id":"https:\/\/comprarcoca.co\/?page_id=29#breadcrumb"},"inLanguage":"es","potentialAction":[{"@type":"ReadAction","target":["https:\/\/comprarcoca.co\/?page_id=29"]}]},{"@type":"BreadcrumbList","@id":"https:\/\/comprarcoca.co\/?page_id=29#breadcrumb","itemListElement":[{"@type":"ListItem","position":1,"name":"Portada","item":"https:\/\/comprarcoca.co\/"},{"@type":"ListItem","position":2,"name":"Pagos en Bitcoin"}]},{"@type":"WebSite","@id":"https:\/\/comprarcoca.co\/#website","url":"https:\/\/comprarcoca.co\/","name":"comprar cocaina madrid \u2013 50 euros gramo \u2013 VENDO COCAINA EN MADRID \u2013 Env\u00edos a toda Espa\u00f1a \u2013 PANTERAROSA1772@GMAIL.COM \u2013 visita www.telecocamadrid.com en mano y envios \u2013 pillar coca en madrid \u2013 Nuevo whatsapp Telegram (Mejor) \u2013 Nuevo whatsapp y SIGNAL \u2013 Principal Whatsapp+34627158376 SIGNAL \u2013 Jay \u2013 +34666268692 Whatsapp SIGNAL \u2013 Nestor","description":"vendo coca a domicilio cordoba, vendo cocaina a domicilio cordoba, vendo coca a domicilio gijon, vendo cocaina a domicilio gijon, vendo coca a domicilio santander, vendo cocaina a domicilio santander, vendo coca a domicilio logro\u00f1o, vendo cocaina a domicilio logro\u00f1o,  visita www.telecocamadrid.comvendo coca a domicilio teruel, vendo cocaina a domicilio teruel, vendo coca a domicilio santa cruz de tenerife, vendo cocaina a domicilio santa cruz de tenerife, vendo coca a domicilio alcala de henares, vendo cocaina a domicilio alcala de henares, vendo coca a domicilio vigo, vendo cocaina a domicilio vigo, ven do coca a domicilio guadalajara, vendo cocaina a domicilio guadalajara, vendo coca a domicilio murcia, vendo cocaina a domicilio murcioa, vendo coca a domicilio almeria, vendo cocaina a domicilio almeria, vendo coca a comprar farlopa en barcelona domicilio leon, vendo cocaina a domicilio leon, vendo coca a domicilio zamora, vendo cocaina a domicilio zamora, vendo coca a domicilio castellon de la plana, vendo cocaina a domicilio castellon de la plana, vendo coca a domicilio albacete, compro cocaina a domicilio albacete, vendo coca a domicilio ciudad real, vendo cocaina a domicilio ciudad real, vendo coca a domicilio orense, vendo cocaina a domicilio orense, vendo coca a domicilio cartagena, vendo cocaina a domicilio cartagena, vendo coca a domicilio huelva, vendo cocaina a domicilio huelva, vendo coca a domicilio jerez de la frontera, vendo cocaina a domicilio jerez de la frontera, vendo coca a domicilio soria, vendo cocaina a domicilio soria comprar coca en Madrid, comprar coca en \u00abEspa\u00f1a\u00bb, venta de coca\u00edna, como comprar coca, como comprar coca domicilio, donde comprar coca, donde consigo coca, comprar coca\u00edna, donde puedo conseguir coca\u00edna, necesito comprar coca\u00edna, necesito compra coca,","publisher":{"@id":"https:\/\/comprarcoca.co\/#organization"},"potentialAction":[{"@type":"SearchAction","target":{"@type":"EntryPoint","urlTemplate":"https:\/\/comprarcoca.co\/?s={search_term_string}"},"query-input":{"@type":"PropertyValueSpecification","valueRequired":true,"valueName":"search_term_string"}}],"inLanguage":"es"},{"@type":"Organization","@id":"https:\/\/comprarcoca.co\/#organization","name":"comprar cocaina madrid \u2013 50 euros gramo \u2013 VENDO COCAINA EN MADRID \u2013 Env\u00edos a toda Espa\u00f1a \u2013 PANTERAROSA1772@GMAIL.COM \u2013 visita www.telecocamadrid.com en mano y envios \u2013 pillar coca en madrid \u2013 Nuevo whatsapp Telegram (Mejor) \u2013 Nuevo whatsapp y SIGNAL \u2013 Principal Whatsapp+34627158376 SIGNAL \u2013 Jay \u2013 +34666268692 Whatsapp SIGNAL \u2013 Nestor","url":"https:\/\/comprarcoca.co\/","logo":{"@type":"ImageObject","inLanguage":"es","@id":"https:\/\/comprarcoca.co\/#\/schema\/logo\/image\/","url":"https:\/\/comprarcoca.co\/wp-content\/uploads\/2024\/11\/cropped-ketamine2.jpg","contentUrl":"https:\/\/comprarcoca.co\/wp-content\/uploads\/2024\/11\/cropped-ketamine2.jpg","width":512,"height":512,"caption":"comprar cocaina madrid \u2013 50 euros gramo \u2013 VENDO COCAINA EN MADRID \u2013 Env\u00edos a toda Espa\u00f1a \u2013 PANTERAROSA1772@GMAIL.COM \u2013 visita www.telecocamadrid.com en mano y envios \u2013 pillar coca en madrid \u2013 Nuevo whatsapp Telegram (Mejor) \u2013 Nuevo whatsapp y SIGNAL \u2013 Principal Whatsapp+34627158376 SIGNAL \u2013 Jay \u2013 +34666268692 Whatsapp SIGNAL \u2013 Nestor"},"image":{"@id":"https:\/\/comprarcoca.co\/#\/schema\/logo\/image\/"}}]}},"_links":{"self":[{"href":"https:\/\/comprarcoca.co\/index.php?rest_route=\/wp\/v2\/pages\/29","targetHints":{"allow":["GET"]}}],"collection":[{"href":"https:\/\/comprarcoca.co\/index.php?rest_route=\/wp\/v2\/pages"}],"about":[{"href":"https:\/\/comprarcoca.co\/index.php?rest_route=\/wp\/v2\/types\/page"}],"author":[{"embeddable":true,"href":"https:\/\/comprarcoca.co\/index.php?rest_route=\/wp\/v2\/users\/1"}],"replies":[{"embeddable":true,"href":"https:\/\/comprarcoca.co\/index.php?rest_route=%2Fwp%2Fv2%2Fcomments&post=29"}],"version-history":[{"count":0,"href":"https:\/\/comprarcoca.co\/index.php?rest_route=\/wp\/v2\/pages\/29\/revisions"}],"wp:attachment":[{"href":"https:\/\/comprarcoca.co\/index.php?rest_route=%2Fwp%2Fv2%2Fmedia&parent=29"}],"curies":[{"name":"wp","href":"https:\/\/api.w.org\/{rel}","templated":true}]}}